 remainder when 34 is divided by i?
16
Let l be (-32)/12*3/(-2). Suppose -8*b = -l*b. Suppose 4 = g + 4*n, b = -n - 0 - 3. Calculate the remainder when 30 is divided by g.
14
Suppose 4*z = z + 5*x + 22, -3*x = -5*z + 58. Calculate the remainder when (-39)/(-2)*(-4)/(-3) is divided by z.
12
Let s be (-47 + -1 - 3)*-1. Suppose s = b + 2*b. Calculate the remainder when 49 is divided by b.
15
Suppose 0 = -5*r - 19 + 4. Calculate the remainder when 2*-1*17/(-1) is divided by (r/(-2))/((-2)/(-16)).
10
Let n be (2 + -4 + 2)/(-3). Suppose n = -i + 2*i - 6. Calculate the remainder when 10 is divided by i.
4
Let t = 7 - -5. Suppose c - 25 = -v, v - 2*v - 2*c + 28 = 0. Calculate the remainder when v is divided by t.
10
Suppose 72 = 3*y + 5*v, 4*y - 3*y = 3*v + 10. Calculate the remainder when 75 is divided by y.
18
Let z be 3 + -4 + -2 + -7. What is the remainder when (-6)/(-2) - z/5 is divided by 2?
1
Let g(c) = 19*c**2 + 4*c - 3. Let z be g(2). Suppose z = -x + 4*x. What is the remainder when 79 is divided by x?
25
Let l be 32 + 2 + (0 - 4). Let m = 42 - l. Calculate the remainder when m is divided by 5.
2
Suppose 0 = 5*j - a + 414, 220 = 5*j - 2*a + 633. Let b = -52 - j. Suppose 5 = -t + 21. Calculate the remainder when b is divided by t.
15
Suppose -21 = -0*t - 3*t. What is the remainder when 19 is divided by t?
5
Let j be 164/10 + 2/(-5). Let x = -14 + j. What is the remainder when 6 is divided by x?
0
Let r(x) = 16*x - 19. Calculate the remainder when 110 is divided by r(3).
23
Suppose -3*h + 3 + 123 = 4*p, -5*h - 5*p = -205. Calculate the remainder when h is divided by -10 - -8 - 15/(-1).
12
Suppose 5*k - 39 - 26 = 0. Suppose 3*o = 53 + k. Calculate the remainder when 43 is divided by o.
21
Let s = 0 + 27. What is the remainder when s is divided by 14?
13
Suppose 0 = 10*c - 17*c + 231. Calculate the remainder when c is divided by 18.
15
Suppose -2*d + 33 = -5. Calculate the remainder when d is divided by 7.
5
Suppose -5*b + 101 + 164 = 0. Calculate the remainder when b is divided by 19.
15
Let t(u) = u**2 + 4*u + 3. Let b be t(-5). Let v(x) = -x**2 - 4*x - 1. Let c be v(-6). Calculate the remainder when 20 is divided by c/(-2) + 4/b.
6
Let g = -52 + 77. Suppose 11 = -2*m - g. Let a = 17 - m. Calculate the remainder when a is divided by 12.
11
Let m = -4 + 2. Let k(h) = -5*h + h - 11 + 21 - 11. Calculate the remainder when k(m) is divided by 3.
1
Let v = -1 - -3. Let j = 1 + 3. Calculate the remainder when j is divided by v.
0
Let d be -2*(1 + (-1 - -3)). Let l = 7 + d. Let w = 2 + -1. Calculate the remainder when l is divided by w.
0
Let d = 3 - 6. Let n = d - -8. Suppose -11 = -2*y - n. What is the remainder when 5 is divided by y?
2
Suppose z = -3*w - 1 - 4, 3*z + 15 = 0. Suppose w = j - 6 - 6. What is the remainder when 35 is divided by j?
11
Suppose 4*d + 0*d - 28 = 0. Suppose 0 = 2*z - z - d. Let h = 7 + -4. Calculate the remainder when z is divided by h.
1
Let i = 16 - 11. Let u(s) = s**3 - 3*s**2 - 3*s - 11. What is the remainder when 70 is divided by u(i)?
22
Suppose 3*b = -3*n - 54, -4*n - 60 = n - b. Let m = 28 + n. Suppose -4*z = d + 4*d + m, 0 = 5*d - 5*z - 30. What is the remainder when 2 is divided by d?
0
Suppose -4*q + 14 = -2. What is the remainder when 9 is divided by q?
1
Suppose -62 - 595 = -9*i. What is the remainder when i is divided by 19?
16
What is the remainder when 26 is divided by -2 + 7 + 13 + -2?
10
Let q(i) = 2*i**2 - 4*i - 14. What is the remainder when q(10) is divided by 50?
46
Let s be -2*(22596/8)/(-7). What is the remainder when s/12 + (-1)/4 is divided by 23?
21
Suppose -2*y - 5*g + 21 = -24, -g = y - 18. Let o(n) = 41*n**2 + 1. Calculate the remainder when o(-1) is divided by y.
12
Suppose -2*o + 4 = 0, 6*s - s - 2*o + 9 = 0. Let f be 3/6 - s/(-2). Suppose 3*c - 132 = n, 3*n - 77 = -f*c - 2*c. What is the remainder when c is divided by 15?
13
Suppose -4*z - 3*c + 88 = 0, 3*c - 19 + 7 = 0. What is the remainder when z is divided by (-4 - -2) + (12 - 0)?
9
Suppose 30 + 20 = 5*o. Suppose -3*v + 14 = -v. Let a = 25 - v. Calculate the remainder when a is divided by o.
8
Suppose 0*f = -f. Let k be f/(4/2) - -13. Suppose 5*m + 3 = k, 3*c = -m + 41. What is the remainder when 38 is divided by c?
12
Suppose g = 6*g. Suppose g = -3*v, -4*v - 28 + 4 = -3*n. What is the remainder when 14 is divided by n?
6
Suppose -12*d = -13*d + 6. What is the remainder when d is divided by 2?
0
Suppose -60 = -10*q + 7*q. Suppose 0*m - m = -59. Calculate the remainder when m is divided by q.
19
Let l(r) = 8*r**2 + r + 2. What is the remainder when l(-3) is divided by 24?
23
Suppose -3*u = f - 9, -4*f + 4 + 16 = -4*u. Suppose -2*v - 4*d = 64, 5*v + 119 = v - 5*d. What is the remainder when 24 is divided by (2 + (-15)/f)*v?
11
Let c = 3 + -1. Suppose 3*a = -5*g + 34, -a = -c*a - 2. Calculate the remainder when g is divided by (-1)/2*(-7 + 1).
2
Suppose 0 = -5*o + 5, -2*z + z + 12 = 4*o. What is the remainder when 39 is divided by z?
7
Let j be 1*(0 + (-5 - -2)). Let n be j/((-1)/5*3). Suppose -d + 15 = -5*x - 5, -n*x = -4*d + 35. Calculate the remainder when 9 is divided by d.
4
Let n = 15 - 11. Let m(g) = g**3 - g**2 + 2*g - 3. Calculate the remainder when m(2) is divided by n.
1
Let g = 20 + -12. Let b(v) be the second derivative of v**4/6 - 11*v**3/6 + 3*v**2/2 - 7*v. Calculate the remainder when b(g) is divided by 15.
13
What is the remainder when -2 - 1 - (-35 + 2) is divided by 11?
8
Let c(h) = -5*h**3 - h**2 - 4*h - 2. Calculate the remainder when 21 is divided by c(-1).
3
Let j = -2 + 5. Suppose j*t + d = 15, 2*d - 10 = -t - 0*d. Suppose 35 = o + t*o. Calculate the remainder when 19 is divided by o.
5
Let s = 5 - 8. Let k(w) = 2*w**3 - w**2 + 4*w. What is the remainder when k(2) is divided by (-20)/s - 2/(-6)?
6
Let f(l) = l**3 - 3*l + 3. Suppose 0 = -4*y + r + 75 + 1, -4*y = 5*r - 100. What is the remainder when ((-6)/5)/((-3)/y) is divided by f(2)?
3
What is the remainder when 12/(-20) + 1072/20 is divided by 14?
11
Calculate the remainder when 17 is divided by 1*12 + 0 + -2.
7
Suppose o + 340 = -4*o. Calculate the remainder when 50 is divided by ((-11)/22)/(2/o).
16
Let h(q) = q**2 - 7*q - 61. Let a(p) = 2*p**3 - p**2 + 2*p - 3. What is the remainder when h(-7) is divided by a(2)?
11
Let t = -3 + 24. Let w be (-10)/(-25) - 4/10. Suppose w*n - 183 = -3*n. Calculate the remainder when n is divided by t.
19
Suppose -a - 17 = d + 3*d, a = d - 2. Suppose 2*y + m - 2*m = 7, -3 = -2*y - 3*m. What is the remainder when y is divided by a/2*8/(-20)?
0
Let t = -14 - -10. Let z(q) = 12*q**3 + 3*q**2 - q + 4. Let b be z(t). Calculate the remainder when 2/5 + b/(-20) is divided by 19.
17
Suppose 51*q = 53*q - 18. What is the remainder when 25 is divided by q?
7
What is the remainder when 53 is divided by (-58)/(-7) - 6/21?
5
Let g(t) = t - 8. Let o be g(8). Let q(b) = 3*b + 7. Let m(j) = -13*j - 29. Let i(k) = 2*m(k) + 9*q(k). What is the remainder when 14 is divided by i(o)?
4
Let q(i) = i - i - i + 2*i. Calculate the remainder when 51 is divided by q(13).
12
Suppose 0*m + m = q + 57, 3*m - 136 = -4*q. What is the remainder when m is divided by 14?
10
Let k = 7 + 1. What is the remainder when k is divided by (-1)/4 + (-42)/(-8)?
3
What is the remainder when ((-2)/(-4))/((-6)/(-1608)) is divided by 17?
15
Suppose -208 - 32 = -10*p. What is the remainder when p is divided by 20?
4
Suppose 0 = -l - l + 66. Suppose -2*w + l = -7. Calculate the remainder when w is divided by 7.
6
What is the remainder when 48 is divided by (-3 - -4)*(15 + 2)?
14
Suppose -93 - 292 = -5*u. Let l = 0 - 5. Let q = l + 31. What is the remainder when u is divided by q?
25
Let t(x) = x**2 - 3*x + 4. Let h be 6/2 - (-44 - 1). Suppose 0 = 3*o + 3*i + 16 - 55, -4*o - 2*i = -h. What is the remainder when t(-4) is divided by o?
10
Suppose 3*c + f - 270 = 0, -2*f + f = -3*c + 276. What is the remainder when c is divided by 23?
22
Let i = 5 + 16. What is the remainder when 62 is divided by i?
20
Let z = 19 + -9. Let g = z - 6. Suppose -5*d - s = -247, 5*d - g*s - 188 = d. Calculate the remainder when d is divided by 25.
24
Let d(t) = -t**3 + t**2 + 2*t + 1. What is the remainder when 22 is divided by d(-2)?
4
What is the remainder when 1 + -3 + 2 - -3 is divided by (-40)